{"id":2715,"date":"2022-05-25T07:29:18","date_gmt":"2022-05-25T07:29:18","guid":{"rendered":"https:\/\/decorstone.md\/product\/cubbo\/"},"modified":"2026-02-24T16:17:15","modified_gmt":"2026-02-24T14:17:15","slug":"cubbo","status":"publish","type":"product","link":"https:\/\/decorstone.md\/en\/product\/cubbo\/","title":{"rendered":"Cubbo"},"content":{"rendered":"","protected":false},"excerpt":{"rendered":"<p><span style=\"font-weight: 400;\">CUBBO is part of the INDUSTRIAL planter collection and stands out for the precision of the sides and, apparently, for the lack of a &quot;story&quot;. It&#039;s just that when you bring this pot into an interior, it creates the story.<\/span><\/p>","protected":false},"featured_media":5327,"comment_status":"closed","ping_status":"closed","template":"","meta":{"bwfblock_default_font":"","inline_featured_image":false},"product_cat":[33,206,36,314],"product_tag":[],"class_list":{"0":"post-2715","1":"product","2":"type-product","3":"status-publish","4":"has-post-thumbnail","6":"product_cat-ghivece","7":"product_cat-ghivece-urban-22","8":"product_cat-urban-22","9":"product_cat-ghivece-urban","10":"pa_culori-antracite","11":"pa_culori-grey","12":"pa_culori-iron-stone","13":"pa_culori-teracota","14":"pa_culori-white-grey","15":"pa_dimensiuni-200mm-x-200mm-x-200mm","16":"pa_dimensiuni-300mm-x-300mm-x-300mm","17":"pa_dimensiuni-400mm-x-400mm-x-400mm","18":"pa_dimensiuni-500mm-x-500mm-x-500mm","19":"pa_dimensiuni-600mm-x-600mm-x-600mm","20":"pa_dimensiuni-800mm-x-800mm-x-800mm","22":"first","23":"instock","24":"purchasable","25":"product-type-variable"},"acf":[],"yoast_head":"<!-- This site is optimized with the Yoast SEO Premium plugin v22.1 (Yoast SEO v22.1) - https:\/\/yoast.com\/wordpress\/plugins\/seo\/ -->\n<title>Cubbo - Mobilier urban<\/title>\n<meta name=\"robots\" content=\"index, follow, max-snippet:-1, max-image-preview:large, max-video-preview:-1\" \/>\n<link rel=\"canonical\" href=\"https:\/\/decorstone.md\/en\/product\/cubbo\/\" \/>\n<meta property=\"og:locale\" content=\"en_US\" \/>\n<meta property=\"og:type\" content=\"article\" \/>\n<meta property=\"og:title\" content=\"Cubbo - Mobilier urban\" \/>\n<meta property=\"og:description\" content=\"CUBBO face parte din colec\u021bia de ghivece INDUSTRIALE \u0219i se remarc\u0103 prin exactitatea laturilor \u0219i, aparent, prin lipsa unei \u201epove\u0219ti\u201d. Doar c\u0103, atunci c\u00e2nd aduci acest ghiveci \u00eentr-un interior, el creeaz\u0103 povestea.\" \/>\n<meta property=\"og:url\" content=\"https:\/\/decorstone.md\/en\/product\/cubbo\/\" \/>\n<meta property=\"og:site_name\" content=\"Mobilier urban\" \/>\n<meta property=\"article:publisher\" content=\"https:\/\/www.facebook.com\/DecorStoneMD\/\" \/>\n<meta property=\"article:modified_time\" content=\"2026-02-24T14:17:15+00:00\" \/>\n<meta property=\"og:image\" content=\"https:\/\/decorstone.md\/wp-content\/uploads\/2022\/05\/3._CUBBO_400_001_0000_Post.jpg\" \/>\n\t<meta property=\"og:image:width\" content=\"1800\" \/>\n\t<meta property=\"og:image:height\" content=\"1440\" \/>\n\t<meta property=\"og:image:type\" content=\"image\/jpeg\" \/>\n<meta name=\"twitter:card\" content=\"summary_large_image\" \/>\n<meta name=\"twitter:label1\" content=\"Est. reading time\" \/>\n\t<meta name=\"twitter:data1\" content=\"1 minute\" \/>\n<script type=\"application\/ld+json\" class=\"yoast-schema-graph\">{\"@context\":\"https:\/\/schema.org\",\"@graph\":[{\"@type\":\"WebPage\",\"@id\":\"https:\/\/decorstone.md\/product\/cubbo\/\",\"url\":\"https:\/\/decorstone.md\/product\/cubbo\/\",\"name\":\"Cubbo - Mobilier urban\",\"isPartOf\":{\"@id\":\"https:\/\/decorstone.md\/#website\"},\"datePublished\":\"2022-05-25T07:29:18+00:00\",\"dateModified\":\"2026-02-24T14:17:15+00:00\",\"breadcrumb\":{\"@id\":\"https:\/\/decorstone.md\/product\/cubbo\/#breadcrumb\"},\"inLanguage\":\"en-US\",\"potentialAction\":[{\"@type\":\"ReadAction\",\"target\":[\"https:\/\/decorstone.md\/product\/cubbo\/\"]}]},{\"@type\":\"BreadcrumbList\",\"@id\":\"https:\/\/decorstone.md\/product\/cubbo\/#breadcrumb\",\"itemListElement\":[{\"@type\":\"ListItem\",\"position\":1,\"name\":\"Produse\",\"item\":\"https:\/\/decorstone.md\/produse\/\"},{\"@type\":\"ListItem\",\"position\":2,\"name\":\"Cubbo\"}]},{\"@type\":\"WebSite\",\"@id\":\"https:\/\/decorstone.md\/#website\",\"url\":\"https:\/\/decorstone.md\/\",\"name\":\"DecorStone - Mobilier Urban \u0219i Pavaje\",\"description\":\"Decorstone\",\"publisher\":{\"@id\":\"https:\/\/decorstone.md\/#organization\"},\"potentialAction\":[{\"@type\":\"SearchAction\",\"target\":{\"@type\":\"EntryPoint\",\"urlTemplate\":\"https:\/\/decorstone.md\/?s={search_term_string}\"},\"query-input\":\"required name=search_term_string\"}],\"inLanguage\":\"en-US\"},{\"@type\":\"Organization\",\"@id\":\"https:\/\/decorstone.md\/#organization\",\"name\":\"DecorStone\",\"url\":\"https:\/\/decorstone.md\/\",\"logo\":{\"@type\":\"ImageObject\",\"inLanguage\":\"en-US\",\"@id\":\"https:\/\/decorstone.md\/#\/schema\/logo\/image\/\",\"url\":\"https:\/\/decorstone.md\/wp-content\/uploads\/2025\/01\/Design-fara-titlu.png\",\"contentUrl\":\"https:\/\/decorstone.md\/wp-content\/uploads\/2025\/01\/Design-fara-titlu.png\",\"width\":2295,\"height\":2295,\"caption\":\"DecorStone\"},\"image\":{\"@id\":\"https:\/\/decorstone.md\/#\/schema\/logo\/image\/\"},\"sameAs\":[\"https:\/\/www.facebook.com\/DecorStoneMD\/\",\"https:\/\/www.instagram.com\/decorstonemd\/\"]}]}<\/script>\n<!-- \/ Yoast SEO Premium plugin. -->","yoast_head_json":{"title":"Cubbo - Mobilier urban","robots":{"index":"index","follow":"follow","max-snippet":"max-snippet:-1","max-image-preview":"max-image-preview:large","max-video-preview":"max-video-preview:-1"},"canonical":"https:\/\/decorstone.md\/en\/product\/cubbo\/","og_locale":"en_US","og_type":"article","og_title":"Cubbo - Mobilier urban","og_description":"CUBBO face parte din colec\u021bia de ghivece INDUSTRIALE \u0219i se remarc\u0103 prin exactitatea laturilor \u0219i, aparent, prin lipsa unei \u201epove\u0219ti\u201d. Doar c\u0103, atunci c\u00e2nd aduci acest ghiveci \u00eentr-un interior, el creeaz\u0103 povestea.","og_url":"https:\/\/decorstone.md\/en\/product\/cubbo\/","og_site_name":"Mobilier urban","article_publisher":"https:\/\/www.facebook.com\/DecorStoneMD\/","article_modified_time":"2026-02-24T14:17:15+00:00","og_image":[{"width":1800,"height":1440,"url":"https:\/\/decorstone.md\/wp-content\/uploads\/2022\/05\/3._CUBBO_400_001_0000_Post.jpg","type":"image\/jpeg"}],"twitter_card":"summary_large_image","twitter_misc":{"Est. reading time":"1 minute"},"schema":{"@context":"https:\/\/schema.org","@graph":[{"@type":"WebPage","@id":"https:\/\/decorstone.md\/product\/cubbo\/","url":"https:\/\/decorstone.md\/product\/cubbo\/","name":"Cubbo - Mobilier urban","isPartOf":{"@id":"https:\/\/decorstone.md\/#website"},"datePublished":"2022-05-25T07:29:18+00:00","dateModified":"2026-02-24T14:17:15+00:00","breadcrumb":{"@id":"https:\/\/decorstone.md\/product\/cubbo\/#breadcrumb"},"inLanguage":"en-US","potentialAction":[{"@type":"ReadAction","target":["https:\/\/decorstone.md\/product\/cubbo\/"]}]},{"@type":"BreadcrumbList","@id":"https:\/\/decorstone.md\/product\/cubbo\/#breadcrumb","itemListElement":[{"@type":"ListItem","position":1,"name":"Produse","item":"https:\/\/decorstone.md\/produse\/"},{"@type":"ListItem","position":2,"name":"Cubbo"}]},{"@type":"WebSite","@id":"https:\/\/decorstone.md\/#website","url":"https:\/\/decorstone.md\/","name":"DecorStone - Mobilier Urban \u0219i Pavaje","description":"Decorstone","publisher":{"@id":"https:\/\/decorstone.md\/#organization"},"potentialAction":[{"@type":"SearchAction","target":{"@type":"EntryPoint","urlTemplate":"https:\/\/decorstone.md\/?s={search_term_string}"},"query-input":"required name=search_term_string"}],"inLanguage":"en-US"},{"@type":"Organization","@id":"https:\/\/decorstone.md\/#organization","name":"DecorStone","url":"https:\/\/decorstone.md\/","logo":{"@type":"ImageObject","inLanguage":"en-US","@id":"https:\/\/decorstone.md\/#\/schema\/logo\/image\/","url":"https:\/\/decorstone.md\/wp-content\/uploads\/2025\/01\/Design-fara-titlu.png","contentUrl":"https:\/\/decorstone.md\/wp-content\/uploads\/2025\/01\/Design-fara-titlu.png","width":2295,"height":2295,"caption":"DecorStone"},"image":{"@id":"https:\/\/decorstone.md\/#\/schema\/logo\/image\/"},"sameAs":["https:\/\/www.facebook.com\/DecorStoneMD\/","https:\/\/www.instagram.com\/decorstonemd\/"]}]}},"_links":{"self":[{"href":"https:\/\/decorstone.md\/en\/wp-json\/wp\/v2\/product\/2715"}],"collection":[{"href":"https:\/\/decorstone.md\/en\/wp-json\/wp\/v2\/product"}],"about":[{"href":"https:\/\/decorstone.md\/en\/wp-json\/wp\/v2\/types\/product"}],"replies":[{"embeddable":true,"href":"https:\/\/decorstone.md\/en\/wp-json\/wp\/v2\/comments?post=2715"}],"wp:featuredmedia":[{"embeddable":true,"href":"https:\/\/decorstone.md\/en\/wp-json\/wp\/v2\/media\/5327"}],"wp:attachment":[{"href":"https:\/\/decorstone.md\/en\/wp-json\/wp\/v2\/media?parent=2715"}],"wp:term":[{"taxonomy":"product_cat","embeddable":true,"href":"https:\/\/decorstone.md\/en\/wp-json\/wp\/v2\/product_cat?post=2715"},{"taxonomy":"product_tag","embeddable":true,"href":"https:\/\/decorstone.md\/en\/wp-json\/wp\/v2\/product_tag?post=2715"}],"curies":[{"name":"wp","href":"https:\/\/api.w.org\/{rel}","templated":true}]}}

<!-- This site is optimized with the Yoast SEO Premium plugin v22.1 (Yoast SEO v22.1) - https://yoast.com/wordpress/plugins/seo/ -->
<title>Cubbo - Mobilier urban</title>
<meta name="robots" content="index, follow, max-snippet:-1, max-image-preview:large, max-video-preview:-1" />
<link rel="canonical" href="https://decorstone.md/en/product/cubbo/" />
<meta property="og:locale" content="en_US" />
<meta property="og:type" content="article" />
<meta property="og:title" content="Cubbo - Mobilier urban" />
<meta property="og:description" content="CUBBO face parte din colecția de ghivece INDUSTRIALE și se remarcă prin exactitatea laturilor și, aparent, prin lipsa unei „povești”. Doar că, atunci când aduci acest ghiveci într-un interior, el creează povestea." />
<meta property="og:url" content="https://decorstone.md/en/product/cubbo/" />
<meta property="og:site_name" content="Mobilier urban" />
<meta property="article:publisher" content="https://www.facebook.com/DecorStoneMD/" />
<meta property="article:modified_time" content="2026-02-24T14:17:15+00:00" />
<meta property="og:image" content="https://decorstone.md/wp-content/uploads/2022/05/3._CUBBO_400_001_0000_Post.jpg" />
	<meta property="og:image:width" content="1800" />
	<meta property="og:image:height" content="1440" />
	<meta property="og:image:type" content="image/jpeg" />
<meta name="twitter:card" content="summary_large_image" />
<meta name="twitter:label1" content="Est. reading time" />
	<meta name="twitter:data1" content="1 minute" />
<script type="application/ld+json" class="yoast-schema-graph">{"@context":"https://schema.org","@graph":[{"@type":"WebPage","@id":"https://decorstone.md/product/cubbo/","url":"https://decorstone.md/product/cubbo/","name":"Cubbo - Mobilier urban","isPartOf":{"@id":"https://decorstone.md/#website"},"datePublished":"2022-05-25T07:29:18+00:00","dateModified":"2026-02-24T14:17:15+00:00","breadcrumb":{"@id":"https://decorstone.md/product/cubbo/#breadcrumb"},"inLanguage":"en-US","potentialAction":[{"@type":"ReadAction","target":["https://decorstone.md/product/cubbo/"]}]},{"@type":"BreadcrumbList","@id":"https://decorstone.md/product/cubbo/#breadcrumb","itemListElement":[{"@type":"ListItem","position":1,"name":"Produse","item":"https://decorstone.md/produse/"},{"@type":"ListItem","position":2,"name":"Cubbo"}]},{"@type":"WebSite","@id":"https://decorstone.md/#website","url":"https://decorstone.md/","name":"DecorStone - Mobilier Urban și Pavaje","description":"Decorstone","publisher":{"@id":"https://decorstone.md/#organization"},"potentialAction":[{"@type":"SearchAction","target":{"@type":"EntryPoint","urlTemplate":"https://decorstone.md/?s={search_term_string}"},"query-input":"required name=search_term_string"}],"inLanguage":"en-US"},{"@type":"Organization","@id":"https://decorstone.md/#organization","name":"DecorStone","url":"https://decorstone.md/","logo":{"@type":"ImageObject","inLanguage":"en-US","@id":"https://decorstone.md/#/schema/logo/image/","url":"https://decorstone.md/wp-content/uploads/2025/01/Design-fara-titlu.png","contentUrl":"https://decorstone.md/wp-content/uploads/2025/01/Design-fara-titlu.png","width":2295,"height":2295,"caption":"DecorStone"},"image":{"@id":"https://decorstone.md/#/schema/logo/image/"},"sameAs":["https://www.facebook.com/DecorStoneMD/","https://www.instagram.com/decorstonemd/"]}]}</script>
<!-- / Yoast SEO Premium plugin. -->

CUBBO face parte din colecția de ghivece INDUSTRIALE și se remarcă prin exactitatea laturilor și, aparent, prin lipsa unei „povești”. Doar că, atunci când aduci acest ghiveci într-un interior, el creează povestea.

DecorStone - Mobilier Urban și Pavaje
